 5458442 is divided by 142.
104
Calculate the remainder when 20411903 is divided by 384.
383
What is the remainder when 2356532 is divided by 312?
308
Calculate the remainder when 4110402 is divided by 59571.
3
What is the remainder when 37458019 is divided by 131?
10
What is the remainder when 30850105 is divided by 6708?
13
What is the remainder when 1627854 is divided by 189?
186
What is the remainder when 14511521 is divided by 3442?
49
What is the remainder when 5325479 is divided by 268?
51
Calculate the remainder when 99413993 is divided by 409.
408
What is the remainder when 74602 is divided by 36215?
2172
What is the remainder when 301870347 is divided by 25?
22
Calculate the remainder when 6784051 is divided by 32.
19
Calculate the remainder when 87052 is divided by 182.
56
Calculate the remainder when 225108 is divided by 20464.
4
What is the remainder when 634069 is divided by 2895?
64
Calculate the remainder when 2896566 is divided by 1687.
1674
Calculate the remainder when 1435714 is divided by 112.
98
What is the remainder when 13045362 is divided by 487?
93
What is the remainder when 30491750 is divided by 1099?
1094
Calculate the remainder when 260806 is divided by 6180.
1246
Calculate the remainder when 24701 is divided by 1989.
833
What is the remainder when 155380962 is divided by 169?
165
Calculate the remainder when 222413139 is divided by 259.
256
Calculate the remainder when 127824 is divided by 18150.
774
What is the remainder when 49676004 is divided by 181?
11
What is the remainder when 7105689 is divided by 549?
531
Calculate the remainder when 319395341 is divided by 15.
11
Calculate the remainder when 3398002 is divided by 7501.
49
What is the remainder when 16616358 is divided by 155?
48
Calculate the remainder when 240580 is divided by 374.
98
Calculate the remainder when 66341463 is divided by 443.
441
What is the remainder when 264218 is divided by 16424?
1434
What is the remainder when 2464184 is divided by 87?
83
What is the remainder when 94778494 is divided by 29?
27
Calculate the remainder when 1482232 is divided by 182.
24
What is the remainder when 30831995 is divided by 460179?
2
Calculate the remainder when 13643235 is divided by 215.
195
What is the remainder when 1035342 is divided by 237?
126
Calculate the remainder when 239924 is divided by 2888.
220
What is the remainder when 10708 is divided by 2139?
13
What is the remainder when 59423189 is divided by 4718?
4697
Calculate the remainder when 36030382 is divided by 3.
1
What is the remainder when 1437436 is divided by 642?
640
Calculate the remainder when 141587 is divided by 408.
11
Calculate the remainder when 896108 is divided by 99546.
194
What is the remainder when 1339697 is divided by 1198?
333
What is the remainder when 5013375 is divided by 1973?
1955
Calculate the remainder when 6686485 is divided by 157.
12
Calculate the remainder when 51486 is divided by 781.
721
What is the remainder when 2270254 is divided by 819?
805
What is the remainder when 537092 is divided by 179023?
23
Calculate the remainder when 325742 is divided by 227.
224
What is the remainder when 1888865 is divided by 9637?
13
What is the remainder when 113974119 is divided by 10?
9
Calculate the remainder when 237317827 is divided by 207.
193
What is the remainder when 11737399 is divided by 3912462?
13
Calculate the remainder when 589421 is divided by 513.
497
Calculate the remainder when 11443776 is divided by 107.
19
What is the remainder when 975109 is divided by 905?
424
What is the remainder when 265758 is divided by 57?
24
What is the remainder when 1357488 is divided by 225416?
4992
Calculate the remainder when 6711 is divided by 1878.
1077
Calculate the remainder when 541609 is divided by 11768.
281
Calculate the remainder when 92790000 is divided by 4500.
0
What is the remainder when 44065855 is divided by 171?
10
Calculate the remainder when 398176 is divided by 469.
464
Calculate the remainder when 862995 is divided by 107871.
27
What is the remainder when 5294077 is divided by 2013?
1900
Calculate the remainder when 325677 is divided by 67.
57
What is the remainder when 8191594 is divided by 4746?
4744
Calculate the remainder when 67411 is divided by 9346.
1989
Calculate the remainder when 184023202 is divided by 1850.
2
Calculate the remainder when 68437 is divided by 2068.
193
What is the remainder when 108746 is divided by 419?
225
Calculate the remainder when 29652 is divided by 29625.
27
What is the remainder when 1644447 is divided by 849?
783
What is the remainder when 15251217 is divided by 10446?
57
What is the remainder when 746893 is divided by 687?
124
What is the remainder when 143453 is divided by 212?
141
What is the remainder when 50396 is divided by 24863?
670
Calculate the remainder when 25396 is divided by 3757.
2854
What is the remainder when 481978 is divided by 450?
28
Calculate the remainder when 2876468 is divided by 19176.
68
Calculate the remainder when 7656729 is divided by 38476.
5
What is the remainder when 1019698 is divided by 769?
4
What is the remainder when 72729 is divided by 2266?
217
What is the remainder when 299181 is divided by 181?
169
What is the remainder when 16899567 is divided by 6?
3
What is the remainder when 20249149 is divided by 47?
45
Calculate the remainder when 752934 is divided by 343.
49
Calculate the remainder when 1840263 is divided by 60.
3
Calculate the remainder when 331124 is divided by 47295.
59
Calculate the remainder when 13067901 is divided by 118.
109
What is the remainder when 364205 is divided by 1109?
453
Calculate the remainder when 8793349 is divided by 2021.
1999
Calculate the remainder when 104193 is divided by 104150.
43
What is the remainder when 10751738 is divided by 2687926?
34
What is the remainder when 535573935 is divided by 601?
598
What is the remainder when 10003143 is divided by 3?
0
What is the remainder when 59335 is divided by 702?
367
What is the remainder when 19010055 is divided by 6336666?
57
Calculate the remainder when 1636978 is divided by 30314.
22
What is the remainder when 143490 is divided by 143462?
28
What is the remainder when 28591079 is divided by 60?
59
What is the remainder when 36963 is divided by 308?
3
Calculate the remainder when 578635 is divided by 3315.
1825
Calculate the remainder when 117546 is divided by 11752.
26
What is the remainder when 5621277 is divided by 1679?
1664
What is the remainder when 2312222 is divided by 577979?
306
What is the remainder when 5857788 is divided by 38538?
12
What is the remainder when 808346 is divided by 403298?
1750
Calculate the remainder when 1403 is divided by 122.
61
What is the remainder when 559725 is divided by 310?
175
Calculate the remainder when 167004296 is divided by 4731.
4727
What is the remainder when 61727 is divided by 135?
32
Calculate the remainder when 4121122 is divided by 102.
16
What is the remainder when 43136465 is divided by 1232470?
15
Calculate the remainder when 204320 is divided by 546.
116
What is the remainder when 3476109 is divided by 278?
275
What is the remainder when 4709759 is divided by 669?
668
Calculate the remainder when 376097 is divided by 8954.
29
Calculate the remainder when 167848 is divided by 552.
40
What is the remainder when 10630514 is divided by 734?
726
What is the remainder when 207371 is divided by 532?
423
Calculate the remainder when 1393730 is divided by 13664.
2
Calculate the remainder when 397947 is divided by 117.
30
Calculate the remainder when 347215 is divided by 31559.
66
Calculate the remainder when 552139 is divided by 1069.
535
Calculate the remainder when 1416238 is divided by 471744.
1006
What is the remainder when 109777726 is divided by 36592557?
55
Calculate the remainder when 81246 is divided by 19940.
1486
Calculate the remainder when 21374558 is divided by 51.
50
Calculate the remainder when 36220143 is divided by 1006113.
75
Calculate the remainder when 16873298 is divided by 27.
26
What is the remainder when 3903303 is divided by 761?
134
What is the remainder when 2480689 is divided by 67045?
24
Calculate the remainder when 395645 is divided by 39538.
265
What is the remainder when 16943433 is divided by 9732?
21
Calculate